 p(10)?
82
Let o(c) = 2218*c - 11337. Determine o(5).
-247
Let t(o) = -o**3 - 37*o**2 - 19*o - 19. Determine t(-37).
684
Let y(m) = -6*m**2 - 46*m + 4. Calculate y(-1).
44
Let a(t) = 145*t + 26159. What is a(-182)?
-231
Let z(r) = -12*r**3 + 553*r + 2583. What is z(-5)?
1318
Let x(t) = 19*t + 791. Calculate x(-43).
-26
Let u(p) = p**3 - 119*p**2 + 2134*p - 95. What is u(97)?
-95
Let r(x) = -x**2 - 1042*x - 86902. What is r(-91)?
-361
Let x(l) = -123*l**2 - 180*l - 362. Determine x(-2).
-494
Let b(g) = 78*g**3 - 14*g**2 + 7*g + 19. Determine b(-1).
-80
Let j(s) = 56*s**2 - 3155*s - 2118. Calculate j(57).
-9
Let w(n) = 10172*n - 762897. Give w(75).
3
Let z(i) = 3734*i - 26149. What is z(7)?
-11
Let y(h) = -h**3 - 571*h**2 - 46*h - 26654. Determine y(-571).
-388
Let p(s) = 6095*s + 97596. Calculate p(-16).
76
Let x(g) = -10*g**2 - 122836*g - 1472590. Give x(-12).
2
Let g(u) = -642*u + 320995. Calculate g(500).
-5
Let x(u) = u**3 - 368*u**2 - 457543*u - 1791. Give x(885).
-21
Let h(g) = -g**3 - 19*g**2 - 334*g - 2472. Calculate h(-10).
-32
Let b(g) = -18*g**3 - 395*g**2 - 5*g - 279. Calculate b(-22).
315
Let j(a) = -10877*a + 152173. What is j(14)?
-105
Let d(h) = 78*h + 6187. Calculate d(-73).
493
Let w(q) = -q**3 + 306*q**2 - 2651*q - 198. Determine w(9).
0
Let u(g) = -104*g + 948. What is u(10)?
-92
Let s(v) = 13*v**2 + 546*v - 13045. What is s(-59)?
-6
Let z(d) = 6*d**3 + 532*d**2 - 158*d + 1803. Calculate z(-89).
23
Let h(u) = 58150*u - 8431748. Calculate h(145).
2
Let o(k) = 5*k**3 - 41*k**2 - 381*k + 3107. What is o(8)?
-5
Let a(w) = 6*w**3 + 129*w**2 + 166*w - 307. Calculate a(-20).
-27
Let p(x) = x**3 + 985*x**2 - 11*x - 10836. Calculate p(-985).
-1
Let y(f) = f**2 - 10611. Determine y(103).
-2
Let f(z) = 1858156*z + 9290793. What is f(-5)?
13
Let g(v) = 8848*v - 35161. Determine g(4).
231
Let t(c) = -c**3 - 27*c**2 - 248*c - 3510. Determine t(-23).
78
Let f(d) = 282*d + 10158. Determine f(-36).
6
Let i(z) = 2*z**3 - 403*z**2 + 568*z + 6394. What is i(200)?
-6
Let z(i) = 2*i**2 - 1106*i + 14871. Give z(13).
831
Let i(o) = o**3 - 247*o**2 - 2317*o - 80. What is i(-9)?
37
Let w(g) = g**2 - 43337*g - 404. Determine w(0).
-404
Let x(t) = 314*t + 94. What is x(4)?
1350
Let u(d) = -d**2 - 336*d + 118582. Determine u(215).
117
Let v(s) = -3408*s + 20345. Give v(6).
-103
Let l(q) = -q**2 - 124*q + 1378. Give l(10).
38
Let g(n) = -19*n**2 - 1195*n - 2313. What is g(-2)?
1
Let r(g) = 4*g**2 - 2475*g + 12187. What is r(5)?
-88
Let o(g) = 3516*g + 20498. Determine o(-6).
-598
Let x(z) = -3*z**2 - 29*z + 189. Calculate x(13).
-695
Let c(q) = -6550*q - 216160. Determine c(-33).
-10
Let m(w) = -6*w**3 - 13*w**2 + 21*w - 6. Calculate m(-3).
-24
Let k(r) = 19*r**3 + 370*r**2 - 269*r - 8367. Give k(-19).
-7
Let r(h) = -11*h**2 + 1053*h + 525. Determine r(96).
237
Let m(a) = -7*a**2 + 591*a + 1085. Give m(87).
-481
Let s(d) = d**3 - 81*d**2 - 6*d + 671. Give s(81).
185
Let a(s) = s**3 + 81*s**2 - 93*s - 1362. Determine a(-82).
-460
Let s(d) = d**3 + 195*d**2 - 3219*d - 14648. What is s(-210)?
-158
Let w(j) = -234*j + 29477. Give w(109).
3971
Let a(f) = -118*f + 3649. Give a(31).
-9
Let u(k) = -1939*k + 368396. Give u(190).
-14
Let r(o) = 595*o - 5625. What is r(10)?
325
Let z(b) = -372*b**2 - 5*b - 648. Give z(0).
-648
Let c(u) = 12*u**2 + 873*u + 8818. Give c(-60).
-362
Let w(r) = -r**3 - 33*r**2 + 304*r + 12492. Give w(-28).
60
Let q(h) = -29*h**2 + 714*h - 1150. Determine q(23).
-69
Let z(s) = -4846*s + 1405412. Determine z(290).
72
Let w(f) = -175*f - 23483. What is w(-132)?
-383
Let t(p) = -p**3 - 46*p**2 - 63*p + 1116. Give t(-44).
16
Let m(y) = 10565*y - 401559. Calculate m(38).
-89
Let x(q) = -12056*q + 4982. Determine x(0).
4982
Let m(o) = o**3 + 17*o**2 - 2475*o - 37370. What is m(-15)?
205
Let c(j) = 8*j**2 + 43*j + 23. Calculate c(3).
224
Let h(w) = w**3 + 19*w**2 + 3460*w + 30241. Determine h(-9).
-89
Let s(o) = -3*o**2 - 69*o - 74. Determine s(-22).
-8
Let a(w) = 33*w**2 - 48*w - 162. Determine a(3).
-9
Let l(k) = -3*k**2 - 34*k - 356. Calculate l(-6).
-260
Let i(p) = -7*p**2 - 758*p + 99. Determine i(-109).
-446
Let l(m) = -m**2 - 8637*m + 69075. Determine l(8).
-85
Let b(f) = -5*f**3 - 622*f**2 + 353*f - 3064. What is b(-125)?
-314
Let s(p) = 4*p**3 - 134*p**2 - 92*p + 846. Give s(34).
30
Let o(w) = w**3 - 28*w**2 + 2*w + 1420. Give o(10).
-360
Let z(u) = -11*u**2 - 88*u + 193. Determine z(5).
-522
Let v(m) = -43*m**2 - 10419*m + 142716. What is v(13)?
2
Let j(a) = -6*a**2 + 201*a - 116. Determine j(0).
-116
Let d(u) = u**2 + 22*u - 93333. Determine d(294).
-429
Let t(k) = -87*k**2 - 44638*k - 3628. Give t(-513).
-37
Let r(z) = 5731*z + 985737. Give r(-172).
5
Let q(s) = -2*s**3 + 196*s**2 + 1559*s + 601. Calculate q(-7).
-22
Let t(f) = -158673*f + 13645873. Determine t(86).
-5
Let y(p) = 6078*p - 1945003. Calculate y(320).
-43
Let t(c) = -93732*c + 2530825. Give t(27).
61
Let r(j) = j**2 - 1386*j - 192203. Give r(-127).
-52
Let o(u) = -2*u**3 - 243*u**2 - 1054*u - 362. What is o(-117)?
-245
Let h(d) = 40*d + 6286. Give h(-158).
-34
Let w(c) = -85681*c - 14223040. What is w(-166)?
6
Let l(s) = 77*s - 5718. Determine l(79).
365
Let k(t) = -t**3 + 10*t**2 - 96*t + 429. Give k(5).
74
Let s(o) = -o**3 - 95*o**2 + 2714*o + 165. Calculate s(-118).
165
Let i(u) = 55*u**2 + 18465*u - 5075. Determine i(-336).
-35
Let c(z) = -95091*z - 95065. Determine c(-1).
26
Let r(d) = 2*d**2 - 3692*d + 76655. Give r(21).
5
Let i(r) = 1321*r + 13340. Determine i(-7).
4093
Let h(k) = -k**3 + 44*k**2 + 97*k + 139. Determine h(46).
369
Let t(o) = 7*o**2 + 923*o + 28129. Determine t(-48).
-47
Let b(s) = s**3 - 27*s**2 + 80*s + 104. What is b(-1)?
-4
Let o(m) = 1416*m - 117452. Calculate o(83).
76
Let b(j) = -66*j - 7783. What is b(-114)?
-259
Let i(v) = 104993*v + 19423698. Determine i(-185).
-7
Let o(k) = -1910*k - 17156. Determine o(-9).
34
Let a(m) = -m**2 - 297*m + 15776. What is a(-343)?
-2
Let l(x) = -1162*x - 26910. What is l(-23)?
-184
Let y(d) = 1310*d**2 - 34*d - 30. Calculate y(-1).
1314
Let f(v) = -v**3 - 277*v**2 - 593*v - 164263. What is f(-277)?
-2
Let b(d) = -4*d**2 - 38*d - 288. What is b(-12)?
-408
Let n(a) = -20277*a + 121178. What is n(6)?
-484
Let w(x) = -3522*x - 387386. Determine w(-110).
34
Let p(b) = b**3 - 525*b**2 + 668*b - 75366. What is p(524)?
90
Let n(h) = 3*h**2 - 13240*h + 158522. Give n(12).
74
Let w(f) = -f**3 + 4759*f + 150. What is w(69)?
12
Let w(r) = r**3 + 121*r**2 - 154*r - 3862. Calculate w(-122).
42
Let i(f) = -3*f**2 + 255*f - 4706. Calculate i(27).
-8
Let z(u) = 83115*u**2 - 249330*u - 4. Determine z(3).
41
Let q(g) = g**3 + 131*g**2 - 90*g - 28598. Determine q(-130).
2
Let q(s) = -48*s**2 - 3235*s - 1292. Give q(-67).
-19
Let z(m) = 258*m + 2741. Determine z(-7).
935
Let l(w) = -w**3 - 133*w**2 + 36583*w - 442. Calculate l(-269).
-173
Let r(m) = -m**3 + 99*m**2 - 477*m + 30. What is r(5)?
-5
Let k(b) = 21*b**2 + 4197*b - 40124. Determine k(-209).
4
Let v(u) = 3*u**3 + 272*u**2 - 364*u + 343. Give v(-92).
-25
Let l(n) = 3*n**3 - 26*n**2 + 14*n - 10. Determine l(7).
-157
Let f(u) = u**3 + 162*u**2 - 737*u + 16537. Give f(-167).
171
Let l(j) = -3*j**3 - 73*j**2 - 46*j + 58. Give l(-24).
586
Let f(a) = -3*a**2 + 33*a + 282. Determine f(15).
102
Let h(c) = -440*c + 112735. Calculate h(256).
95
Let s(r) = -r**2 - 78*r + 672. What is s(-36)?
2184
Let z(c) = -c**3 - 165*c**2 + 116*c - 8431. What is z(-166)?
-131
Let z(g) = 4011*g + 16210. Calculate z(-3).
4177
Let s(g) = g**3 + 12*g**2 + 250581*g + 2004396. What is s(-8)?
4
Let j(v) = 6*v**3 - 173*v**2 - 635*v - 462. Determine j(-1).
-6
Let f(u) = -26*u**3 + 3*u**2 - 2*u - 30. Calculate f(3).
-711
Let w(o) = -4*o**2 - 506*o + 76037. What is w(-215)?
-73
Let o(a) = 100*a + 1015. What is o(-14)?
-385
Let k(h) = -2*h**3 - 15*h**2 + 127*h - 198. Give k(-13).
10
Let j(n) = -2*n**3 + 23*n**2 + 27*n - 103. Determine j(11).
315
Let o(r) = 15*r**3 + 578*r**2 + 282*r - 880. What is o(-38)?
-44
Let f(q) = -4*q**2 + 369*q + 7665. What is f(109)?
362
Let w(f) = -2445*f**2 - 5403448*f + 4412. Determine w(-2210).
-8
Let w(x) = -x**3 - 45*x**2 + 73*x - 1000. Calculate w(-47).
-13
Let f(b) = -b**3 - 43*b**2 - 116*b - 6930. Give f(-44).
110
Let n(s) = -2948*s - 14491. What is n(-5)?
249
Let x(